 factor of 544?
True
Does 16 divide 1231?
False
Is 2240 a multiple of 14?
True
Does 60 divide 3360?
True
Is 14 a factor of 40096?
True
Is 7 a factor of 9625?
True
Is 5 a factor of 28614?
False
Is 44 a factor of 4998?
False
Is 40 a factor of 32444?
False
Is 109 a multiple of 8?
False
Is 15 a factor of 360?
True
Is 41 a factor of 3740?
False
Is 25 a factor of 25?
True
Is 102 a multiple of 17?
True
Is 132 a multiple of 22?
True
Is 922 a multiple of 10?
False
Is 2411 a multiple of 23?
False
Does 61 divide 1769?
True
Is 24 a factor of 1104?
True
Is 83 a factor of 770?
False
Is 430 a multiple of 2?
True
Is 2688 a multiple of 9?
False
Is 1335 a multiple of 7?
False
Is 80750 a multiple of 420?
False
Does 15 divide 675?
True
Is 95 a factor of 288?
False
Does 25 divide 7500?
True
Does 4 divide 196?
True
Does 330 divide 59489?
False
Is 816 a multiple of 24?
True
Does 15 divide 58875?
True
Is 23589 a multiple of 9?
True
Is 485 a multiple of 9?
False
Does 24 divide 19680?
True
Is 995 a multiple of 30?
False
Is 23 a factor of 28865?
True
Does 23 divide 5086?
False
Is 2 a factor of 6446?
True
Does 71 divide 994?
True
Is 34 a factor of 20076?
False
Does 165 divide 78045?
True
Does 10 divide 2924?
False
Is 35 a factor of 12526?
False
Is 790 a multiple of 79?
True
Is 9237 a multiple of 67?
False
Is 21 a factor of 4914?
True
Does 13 divide 211?
False
Does 10 divide 1830?
True
Does 20 divide 380?
True
Is 4 a factor of 131?
False
Is 171 a factor of 4653?
False
Is 188 a factor of 3159?
False
Is 3 a factor of 1410?
True
Is 1096 a multiple of 36?
False
Does 250 divide 46894?
False
Does 3 divide 134?
False
Does 8 divide 2696?
True
Is 29869 a multiple of 14?
False
Does 2 divide 29?
False
Does 293 divide 38969?
True
Does 7 divide 16110?
False
Does 135 divide 21204?
False
Does 10 divide 100?
True
Is 3910 a multiple of 10?
True
Does 8 divide 19435?
False
Is 9 a factor of 90?
True
Is 18 a factor of 10278?
True
Does 10 divide 3520?
True
Is 307 a multiple of 5?
False
Does 16 divide 207?
False
Is 81503 a multiple of 54?
False
Is 2736 a multiple of 16?
True
Is 58500 a multiple of 18?
True
Is 3 a factor of 20?
False
Is 20 a factor of 15380?
True
Is 171 a factor of 3933?
True
Does 25 divide 1362?
False
Is 9263 a multiple of 59?
True
Does 165 divide 15840?
True
Is 8 even?
True
Does 26 divide 1023?
False
Is 90 a multiple of 3?
True
Is 78 a factor of 78?
True
Does 17 divide 47?
False
Is 18 a factor of 180?
True
Does 121 divide 24561?
False
Is 15520 a multiple of 97?
True
Does 12 divide 2358?
False
Is 126 a multiple of 16?
False
Does 58 divide 10266?
True
Does 2 divide 12268?
True
Is 5 a factor of 23536?
False
Is 5 a factor of 60?
True
Does 6 divide 19235?
False
Is 283 a multiple of 22?
False
Is 14 a factor of 22938?
False
Is 776 a multiple of 8?
True
Is 81 a factor of 79285?
False
Is 2604 a multiple of 14?
True
Is 3 a factor of 10000?
False
Is 31 a factor of 1643?
True
Is 128 a factor of 3149?
False
Is 866 a multiple of 9?
False
Is 105 a factor of 6615?
True
Does 30 divide 7774?
False
Is 33269 a multiple of 323?
True
Is 1742 a multiple of 5?
False
Does 12 divide 123420?
True
Is 1260 a multiple of 84?
True
Is 17 a factor of 2176?
True
Is 2548 a multiple of 49?
True
Is 197 a factor of 34475?
True
Is 49 a factor of 10185?
False
Is 8924 a multiple of 194?
True
Is 349 a factor of 12215?
True
Is 15 a factor of 2970?
True
Is 11985 a multiple of 51?
True
Does 225 divide 86762?
False
Is 2704 a multiple of 26?
True
Is 6 a factor of 27811?
False
Is 53 a multiple of 6?
False
Is 127 a factor of 762?
True
Does 17 divide 1649?
True
Is 62 a factor of 4216?
True
Is 111 a multiple of 3?
True
Is 48 a factor of 1152?
True
Is 9464 a multiple of 7?
True
Does 14 divide 1103?
False
Does 23 divide 322?
True
Is 41 a factor of 4428?
True
Is 127 a factor of 2921?
True
Is 30128 a multiple of 138?
False
Is 8434 a multiple of 14?
False
Does 57 divide 11178?
False
Is 3834 a multiple of 27?
True
Is 7 a factor of 5152?
True
Is 109 a factor of 4593?
False
Is 45 a factor of 7616?
False
Does 5 divide 4545?
True
Does 21 divide 33138?
True
Is 78 a factor of 17519?
False
Is 3 a factor of 3699?
True
Is 17 a factor of 323?
True
Does 25 divide 17950?
True
Is 29 a multiple of 28?
False
Is 107 a factor of 13629?
False
Is 45 a factor of 16249?
False
Is 30 a factor of 9510?
True
Does 26 divide 6240?
True
Is 28 a factor of 281?
False
Is 8 a factor of 55648?
True
Does 3 divide 245?
False
Is 1753 a multiple of 21?
False
Does 46 divide 85469?
False
Is 13486 a multiple of 67?
False
Is 4 a factor of 8096?
True
Is 854 a multiple of 51?
False
Is 3 a factor of 1804?
False
Is 47 a factor of 658?
True
Is 54171 a multiple of 9?
True
Is 18 a factor of 915?
False
Does 24 divide 75816?
True
Is 38 a factor of 1379?
False
Is 4 a factor of 644?
True
Is 243 a multiple of 27?
True
Is 3504 a multiple of 9?
False
Is 125 a factor of 22152?
False
Is 92 a factor of 2089?
False
Is 4454 a multiple of 82?
False
Is 204 a multiple of 40?
False
Does 56 divide 14672?
True
Is 13 a factor of 217?
False
Is 123508 a multiple of 154?
True
Is 3706 a multiple of 93?
False
Is 12 a factor of 2695?
False
Is 48 a factor of 977?
False
Does 34 divide 23162?
False
Is 26 a factor of 2431?
False
Is 247 a multiple of 13?
True
Does 13 divide 2007?
False
Is 18 a factor of 2518?
False
Is 2420 a multiple of 44?
True
Is 378 a multiple of 18?
True
Is 837 a multiple of 10?
False
Is 7 a factor of 2991?
False
Is 15 a factor of 999?
False
Is 71 a factor of 1179?
False
Is 61 a factor of 29226?
False
Is 17 a factor of 39457?
True
Is 5981 a multiple of 7?
False
Is 28244 a multiple of 46?
True
Does 16 divide 64?
True
Does 20 divide 961?
False
Is 90 a multiple of 23?
False
Is 43799 a multiple of 76?
False
Is 76 a factor of 64220?
True
Does 41 divide 1763?
True
Does 5 divide 4140?
True
Is 8268 a multiple of 78?
True
Does 104 divide 520?
True
Is 11167 a multiple of 24?
False
Does 73 divide 13505?
True
Is 15 a factor of 3344?
False
Does 64 divide 4204?
False
Is 2 a factor of 8689?
False
Is 3315 a multiple of 13?
True
Is 366 a multiple of 11?
False
Does 125 divide 126477?
False
Is 25 a factor of 665?
False
Is 64 a factor of 7168?
True
Is 9 a factor of 2250?
True
Does 10 divide 22363?
False
Is 9 a factor of 6691?
False
Is 2142 a multiple of 7?
True
Is 13100 a multiple of 12?
False
Does 9 divide 10659?
False
Is 47 a factor of 48?
False
Is 17 a factor of 1802?
True
Is 488 a multiple of 9?
False
Does 427 divide 60373?
False
Is 36 a factor of 1080?
True
Is 22437 a multiple of 277?
True
Does 7 divide 241?
False
Is 2072 a multiple of 33?
False
Does 234 divide 234?
True
Is 11 a factor of 792?
True
Is 28 a factor of 5348?
True
Is 32 a factor of 5189?
False
Does 16 divide 5326?
False
Does 7 divide 1799?
True
Is 3571 a multiple of 9?
False
Is 21 a factor of 147?
True
Does 17 divide 8742?
False
Is 105800 a multiple of 19?
False
Does 6 divide 91?
False
Does 3 divide 107?
False
Is 18 a factor of 2772?
True
Does 148 divide 16392?
False
Is 53 a factor of 1481?
False
Is 20 a factor of 3200?
True
Does 15 divide 60?
True
Does 5 divide 130?
True
Is 14 a factor of 5429?
False
Is 22 a factor of 14850?
True
Does 10 divide 10298?
False
Is 63 a factor of 4799?
False
Is 28 a factor of 840?
True
Is 281 a multiple of 10?
False
Is 5 a factor of 573?
False
Does 2 divide 4386?
True
Is 920 a multiple of 31?
False
Is 567 a multiple of 27?
True
Is 80 a multiple of 8?
True
Is 36 a factor of 5472?
True
Is 99 a factor of 39224?
False
Does 11 divide 3212?
True
Does 44 divide 12540?
True
Is 21 a factor of 703?
False
Does 5 divide 1050?
True
Is 1058 a multiple of 23?
True
Is 96 a factor of 3841?
False
Is 103 a factor of 47578?
False
Is 31 a factor of 1080?
False
Is 11 a factor of 847?
True
Does 29 divide 94482?
True
Is 15 a factor of 510?
True
Is 2 a factor of 4572?
True
Is 5226 a multiple of 67?
True
Is 4 a factor of 250?
False
Is 704 a multiple of 11?
True
Is 1566 a multiple of 20?
False
Is 8076 a multiple of 2?
True
Is 16 a factor of 1248?
True
Is 360 a multiple of 24?
True
Does 2 divide 6554?
True
Does 118 divide 26766?
False
Is 155 a multiple of 5?
True
Does 15 divide 102915?
True
Is 8983 a multiple of 221?
False
Is 12 a factor of 1284?
True
Is 27889 a multiple of 12?
False
Is 8 a factor of 3686?
False
Does 4 divide 1732?
T